o base 16
-69e49b
What is -87a4 (base 12) in base 4?
-3221230
Convert -e4b1e (base 16) to base 6.
-32024422
What is -25903a (base 13) in base 11?
-569111
11202021121200 (base 3) to base 12
a19269
What is -20011220121 (base 3) in base 9?
-204817
What is -69272 (base 12) in base 16?
-22436
What is 100011100100101011 (base 2) in base 5?
14130312
535114 (base 10) to base 14
dd026
-3c465 (base 14) to base 8
-443071
Convert -6c4 (base 13) to base 10.
-1174
Convert 2d046 (base 14) to base 7.
646116
Convert -56429 (base 12) to base 11.
-79164
Convert 65490 (base 15) to base 11.
1aa739
Convert 2531366 (base 10) to base 15.
35007b
Convert 86495 (base 12) to base 5.
21130240
What is -79185 (base 13) in base 8?
-655512
Convert 2d9007 (base 15) to base 8.
10327031
What is 1248752 (base 9) in base 7?
5541002
41a70 (base 14) to base 6
3221350
Convert -10795bb (base 14) to base 11.
-4464560
What is -1337a4 (base 11) in base 16?
-33408
103210021 (base 4) to base 7
452431
What is -130502416 (base 7) in base 10?
-8320360
What is 1010131004 (base 5) in base 12?
822563
Convert -1111000111110101000010 (base 2) to base 14.
-752990
Convert -111433233 (base 5) to base 15.
-9cd98
-111123240 (base 5) to base 7
-4105140
-470315 (base 9) to base 7
-2254160
Convert 21002444 (base 5) to base 13.
6052c
-1023013313 (base 4) to base 15
-61288
Convert -145116 (base 10) to base 11.
-9a034
What is -695977 (base 14) in base 13?
-988354
Convert -28c948 (base 16) to base 3.
-12000210121211
What is 313301120122 (base 4) in base 13?
304b7c9
Convert 1011101101110000100101 (base 2) to base 6.
145453353
11101001110101000111 (base 2) to base 10
957767
Convert 53943c (base 15) to base 2.
1111001011101100110010
-25c278 (base 13) to base 7
-10516311
What is 625a36 (base 15) in base 10?
4676676
36c72a (base 13) to base 9
2420767
What is -1645346 (base 12) in base 11?
-2642327
What is 1033230320 (base 4) in base 7?
2526524
What is 58ab22 (base 13) in base 14?
3cc734
Convert -11560114 (base 7) to base 13.
-2a5305
Convert -1022121012222 (base 3) to base 5.
-134410410
Convert -443367 (base 11) to base 5.
-140112242
Convert 1101110000000001110100 (base 2) to base 16.
370074
What is 100014332 (base 5) in base 12?
16a916
Convert 20110100210 (base 3) to base 2.
11111000010000110
What is -62026600 (base 7) in base 13?
-10c65ac
What is -19fe9e (base 16) in base 7?
-20323466
-b61050 (base 13) to base 5
-2042222401
-12330111 (base 5) to base 14
-31d84
2451101 (base 6) to base 15
28cd4
Convert 2435123 (base 8) to base 16.
a3a53
Convert -1306640 (base 8) to base 14.
-968b6
Convert -10299 (base 15) to base 12.
-25783
What is -11244400 (base 5) in base 2?
-11001001010111100
What is 17a8c (base 16) in base 11?
66899
What is 609470 (base 11) in base 2?
11101110111110011110
Convert -2f4ab (base 16) to base 11.
-122598
Convert -32021211031 (base 4) to base 12.
-12aa691
Convert -67898c (base 16) to base 9.
-13681755
What is 1aa09 (base 14) in base 6?
1242001
Convert -308fe7 (base 16) to base 7.
-36023423
-44c307 (base 13) to base 6
-54505050
What is -36317412 (base 8) in base 14?
-10b6a26
What is 601781 (base 12) in base 15?
1e831a
What is 2120020200102 (base 3) in base 14?
276a10
Convert -204ba (base 12) to base 8.
-122316
-8b38c (base 15) to base 2
-1101100001000110100
Convert -33c86 (base 13) to base 8.
-270314
-221321100 (base 4) to base 10
-171600
-1100111101011100100 (base 2) to base 9
-716482
Convert -244118 (base 13) to base 11.
-541549
Convert 3cc809 (base 13) to base 9.
2712112
1213052 (base 8) to base 13
b8968
3c395 (base 13) to base 5
12101201
What is 548911 (base 10) in base 16?
8602f
24231 (base 11) to base 5
2104012
What is 214120433 (base 5) in base 6?
31504424
Convert -d4153 (base 16) to base 15.
-1225cb
What is 91567 (base 10) in base 15?
1c1e7
Convert 2230432 (base 6) to base 9.
181802
157a52 (base 11) to base 3
110102212011
Convert -1032021011 (base 4) to base 15.
-64c7e
244202134 (base 5) to base 11
724696
Convert 310199 (base 13) to base 16.
116fcf
2b0b (base 15) to base 6
110432
Convert 6043407 (base 8) to base 13.
439263
16866a (base 13) to base 11
353817
What is 125403 (base 7) in base 12?
11743
What is 26c111 (base 15) in base 7?
21560122
Convert -200333001 (base 4) to base 6.
-2521253
What is -34435016 (base 7) in base 6?
-144401212
Convert -16660504 (base 9) to base 5.
-4120200214
1636272 (base 8) to base 6
14055454
Convert 459385 (base 12) to base 9.
2078552
Convert -4433a5 (base 16) to base 8.
-21031645
Convert a81a88 (base 11) to base 2.
110100110011011100011
What is 333258 (base 10) in base 8?
1212712
Convert 1042321 (base 6) to base 10.
52393
Convert 1410110030 (base 5) to base 11.
2037959
23050015 (base 7) to base 9
3706011
Convert 35331043 (base 7) to base 5.
1244214442
Convert -101202201132 (base 4) to base 2.
-10001100010100001011110
What is 11333344330 (base 5) in base 7?
220031211
What is -324609 (base 13) in base 8?
-4402214
4e913 (base 16) to base 9
540387
What is 1110011000101101101 (base 2) in base 3?
212221122110
Convert 111011000111101110 (base 2) to base 3.
110022011211
What is -68340 (base 11) in base 2?
-11000001001010101
What is -2446d3 (base 16) in base 12?
-9679ab
Convert -123202232131 (base 4) to base 10.
-7220125
What is -1724401 (base 9) in base 8?
-3525173
Convert -1838812 (base 12) to base 15.
-69c678
What is 391bc (base 13) in base 10?
105780
Convert -1a7bc (base 15) to base 3.
-11101010220
a1210 (base 12) to base 15
42093
-102211112100210 (base 3) to base 6
-342445203
Convert 333133320 (base 4) to base 3.
111012202220
What is 22140222 (base 5) in base 12?
9396b
What is -4a4a5 (base 14) in base 5?
-21311113
What is -122022130 (base 4) in base 11?
-73572
1f280 (base 16) to base 15
27c2b
Convert -289cb (base 13) to base 5.
-4421021
122044301 (base 5) to base 16
8de51
What is -33a65 (base 15) in base 11?
-102525
Convert -3551925 (base 10) to base 13.
-974940
What is 2b705 (base 15) in base 8?
421263
Convert 1230561 (base 7) to base 13.
5734b
1206616 (base 7) to base 16
2581c
Convert 17259a7 (base 12) to base 4.
102032311033
-606108 (base 11) to base 4
-3231321111
Convert -1b804 (base 16) to base 12.
-55230
What is -22252136 (base 8) in base 5?
-2212240401
What is -732151 (base 10) in base 16?
-b2bf7
a4589 (base 12) to base 15
43aec
What is -157156 (base 11) in base 9?
-411328
12101010022 (base 3) to base 13
39200
202250254 (base 6) to base 4
31100103322
What is -20013 (base 7) in base 14?
-1a7a
Convert -25835 (base 14) to base 5.
-10422132
What is -33b000 (base 12) in base 7?
-10015104
Convert -111001010110111000110100 (base 2) to base 6.
-1254134524
What is -4715e5 (base 15) in base 2?
-1100111101001111101110
What is 1002111201212101 (base 3) in base 2?
111011110100101001100110
Convert -81407b (base 12) to base 4.
-13230301133
-1621165 (base 7) to base 13
-7aab2
-1554045 (base 6) to base 12
-45925
-21012012222 (base 3) to base 12
-69b2b
What is -60641 (base 7) in base 8?
-34611
-3217414 (base 8) to base 6
-30233032
209105 (base 10) to base 7
1530431
Convert 293949 (base 11) to base 8.
1600376
Convert -4225530 (base 6) to base 5.
-23043141
Convert -b9b61 (base 12) to base 11.
-158335
31173588 (base 9) to base 10
14987996
Convert -111101012201 (base 3) to base 9.
-441181
Convert -1011343030 (base 5) to base 4.
-13312232010
Convert -414342212 (base 5) to base 12.
-6a87a3
What is -71775 (base 8) in base 11?
-20344
Convert -210122201222 (base 3) to base 15.
-86485
Convert -1421103 (base 6) to base 12.
-3a793
-3271 (base 8) to base 5
-23341
What is 301204020 (base 5) in base 13?
32a782
Convert -3948b9 (base 15) to base 13.
-75347a
Convert -4b102a (base 15) to base 9.
-6683214
Convert 40f51c (base 16) to base 3.
22000021120121
Convert 1200000121 (base 3) to base 9.
50017
111101110001101001001 (base 2) to base 8
7561511
What is 10b77a5 (base 12) in base 4?
30103322231
What is -1323305 (base 6) in base 12?
-36535
What is -1b207 (base 13) in base 9?
-80720
Convert -3251150 (base 9) to base 11.
-a92947
What is -10100110101110100 (base 2) in base 9?
-140078
Convert 22103100 (base 4) to base 12.
20500
What is 1344123 (base 6) in base 15?
17823
Convert 10010110111010010011011 (base 2) to base 11.
2878321
What is -22055352 (base 7) in base 10?
-1896288
Convert 12424044